{"id":214,"date":"2021-02-10T23:39:21","date_gmt":"2021-02-10T22:39:21","guid":{"rendered":"https:\/\/lukowe.przemyska.pl\/?page_id=214"},"modified":"2026-02-05T00:05:40","modified_gmt":"2026-02-04T23:05:40","slug":"ministranci","status":"publish","type":"page","link":"https:\/\/lukowe.przemyska.pl\/index.php\/grupy\/ministranci\/","title":{"rendered":"Ministranci"},"content":{"rendered":"<p style=\"text-align: justify;\">Ministranci i lektorzy w parafii pw. NMP Kr\u00f3lowej Polski&nbsp; w \u0141ukowem. Opiekunem wsp\u00f3lnoty liturgicznej jest ks. Mariusz \u015aliwa \u2013 proboszcz. Na chwil\u0119 obecn\u0105 wsp\u00f3lnota liczy w \u0141ukowem &#8211; 5 lektor\u00f3w, 15 ministrant\u00f3w &#8211; razem 20 w \u0141ukowem. W \u015arednim Wielkim \u2013 3 lektor\u00f3w i 4 ministrant\u00f3w \u2013 razem 7 w \u015arednim Wielkim. &nbsp;<\/p>\n<p style=\"text-align: justify;\">Spotkania formacyjne odbywaj\u0105 si\u0119 w ko\u015bciele. Ministranci i Lektorzy&nbsp; w ci\u0105gu roku podejmuj\u0105 dy\u017cury, jeden raz w tygodniu&nbsp; i jeden dy\u017cur w niedziel\u0119 i \u015bwi\u0119ta obowi\u0105zkowo. Za s\u0142u\u017cb\u0119 przy o\u0142tarzu ministranci otrzymuj\u0105 punkty. Co miesi\u0105c za gorliwo\u015b\u0107 w s\u0142uzbie przy o\u0142tarzu jeden z ministant\u00f3w otrzymuje tytu\u0142 i nagrod\u0119 &#8211; Ministrant Miesi\u0105ca. Na podstawie punkt\u00f3w, formacji i pi\u0119knego \u015bwiadectwa wiary razem z ksi\u0119dzem odwiedzaj\u0105 parafian z racji wizyty&nbsp; duszpasterskiej,&nbsp; czyli kol\u0119dy.<\/p>\n<p style=\"text-align: justify;\">&nbsp;<\/p>\nngg_shortcode_0_placeholder\n","protected":false},"excerpt":{"rendered":"<p>Ministranci i lektorzy w parafii pw. NMP Kr\u00f3lowej Polski&nbsp; w \u0141ukowem. Opiekunem wsp\u00f3lnoty liturgicznej jest ks. Mariusz \u015aliwa \u2013 proboszcz. Na chwil\u0119 obecn\u0105 wsp\u00f3lnota liczy w \u0141ukowem &#8211; 5 lektor\u00f3w, 15 ministrant\u00f3w &#8211; razem 20 w \u0141ukowem. W \u015arednim Wielkim \u2013 3 lektor\u00f3w i 4 ministrant\u00f3w \u2013 razem 7 w \u015arednim Wielkim. &nbsp; Spotkania formacyjne &hellip; <a href=\"https:\/\/lukowe.przemyska.pl\/index.php\/grupy\/ministranci\/\" class=\"more-link\">Czytaj dalej<span class=\"screen-reader-text\"> \u201eMinistranci\u201d<\/span><\/a><\/p>\n","protected":false},"author":1,"featured_media":0,"parent":13,"menu_order":2,"comment_status":"closed","ping_status":"closed","template":"","meta":{"ngg_post_thumbnail":0,"footnotes":""},"class_list":["post-214","page","type-page","status-publish","hentry"],"_links":{"self":[{"href":"https:\/\/lukowe.przemyska.pl\/index.php\/wp-json\/wp\/v2\/pages\/214","targetHints":{"allow":["GET"]}}],"collection":[{"href":"https:\/\/lukowe.przemyska.pl\/index.php\/wp-json\/wp\/v2\/pages"}],"about":[{"href":"https:\/\/lukowe.przemyska.pl\/index.php\/wp-json\/wp\/v2\/types\/page"}],"author":[{"embeddable":true,"href":"https:\/\/lukowe.przemyska.pl\/index.php\/wp-json\/wp\/v2\/users\/1"}],"replies":[{"embeddable":true,"href":"https:\/\/lukowe.przemyska.pl\/index.php\/wp-json\/wp\/v2\/comments?post=214"}],"version-history":[{"count":9,"href":"https:\/\/lukowe.przemyska.pl\/index.php\/wp-json\/wp\/v2\/pages\/214\/revisions"}],"predecessor-version":[{"id":3189,"href":"https:\/\/lukowe.przemyska.pl\/index.php\/wp-json\/wp\/v2\/pages\/214\/revisions\/3189"}],"up":[{"embeddable":true,"href":"https:\/\/lukowe.przemyska.pl\/index.php\/wp-json\/wp\/v2\/pages\/13"}],"wp:attachment":[{"href":"https:\/\/lukowe.przemyska.pl\/index.php\/wp-json\/wp\/v2\/media?parent=214"}],"curies":[{"name":"wp","href":"https:\/\/api.w.org\/{rel}","templated":true}]}}

<p style="text-align: justify;">Ministranci i lektorzy w parafii pw. NMP Królowej Polski&nbsp; w Łukowem. Opiekunem wspólnoty liturgicznej jest ks. Mariusz Śliwa – proboszcz. Na chwilę obecną wspólnota liczy w Łukowem &#8211; 5 lektorów, 15 ministrantów &#8211; razem 20 w Łukowem. W Średnim Wielkim – 3 lektorów i 4 ministrantów – razem 7 w Średnim Wielkim. &nbsp;</p>
<p style="text-align: justify;">Spotkania formacyjne odbywają się w kościele. Ministranci i Lektorzy&nbsp; w ciągu roku podejmują dyżury, jeden raz w tygodniu&nbsp; i jeden dyżur w niedzielę i święta obowiązkowo. Za służbę przy ołtarzu ministranci otrzymują punkty. Co miesiąc za gorliwość w słuzbie przy ołtarzu jeden z ministantów otrzymuje tytuł i nagrodę &#8211; Ministrant Miesiąca. Na podstawie punktów, formacji i pięknego świadectwa wiary razem z księdzem odwiedzają parafian z racji wizyty&nbsp; duszpasterskiej,&nbsp; czyli kolędy.</p>
<p style="text-align: justify;">&nbsp;</p>
ngg_shortcode_0_placeholder

<p>Ministranci i lektorzy w parafii pw. NMP Królowej Polski&nbsp; w Łukowem. Opiekunem wspólnoty liturgicznej jest ks. Mariusz Śliwa – proboszcz. Na chwilę obecną wspólnota liczy w Łukowem &#8211; 5 lektorów, 15 ministrantów &#8211; razem 20 w Łukowem. W Średnim Wielkim – 3 lektorów i 4 ministrantów – razem 7 w Średnim Wielkim. &nbsp; Spotkania formacyjne &hellip; <a href="https://lukowe.przemyska.pl/index.php/grupy/ministranci/" class="more-link">Czytaj dalej<span class="screen-reader-text"> „Ministranci”</span></a></p>
