{"id":190,"date":"2021-02-10T21:17:47","date_gmt":"2021-02-10T20:17:47","guid":{"rendered":"https:\/\/lukowe.przemyska.pl\/?page_id=190"},"modified":"2021-02-10T21:18:36","modified_gmt":"2021-02-10T20:18:36","slug":"bierzmowanie","status":"publish","type":"page","link":"https:\/\/lukowe.przemyska.pl\/index.php\/parafia\/duszpasterstwo\/bierzmowanie\/","title":{"rendered":"Bierzmowanie"},"content":{"rendered":"<p style=\"text-align: justify;\"><strong><img loading=\"lazy\" decoding=\"async\" class=\"size-full wp-image-191 alignleft\" src=\"https:\/\/lukowe.przemyska.pl\/wp-content\/uploads\/2021\/02\/obraz_2021-02-10_211724.png\" alt=\"\" width=\"300\" height=\"168\">Wskazania Konferencji Episkopatu Polski dotycz\u0105ce sakramentu bierzmowania:<\/strong><\/p>\n<p style=\"text-align: justify;\">1. Ka\u017cdy ochrzczony mo\u017ce i powinien przyj\u0105\u0107 ten sakrament, gdy\u017c bez niego wtajemniczenie chrze\u015bcija\u0144skie pozostaje niedope\u0142nione.<\/p>\n<p style=\"text-align: justify;\">2.&nbsp;Uprzywilejowanym miejscem przygotowania bli\u017cszego i bezpo\u015bredniego do sakramentu bierzmowania jest parafia zamieszkania, a nie parafia, na terenie kt\u00f3rej znajduje si\u0119 szko\u0142a.<\/p>\n<p style=\"text-align: justify;\">3. \u015awiadkami bierzmowania powinni by\u0107 \u2013 rodzice chrzestni, o ile s\u0105 nadal wierz\u0105cymi i praktykuj\u0105cymi katolikami. Tam, gdzie nie jest to mo\u017cliwe, \u015bwiadkiem mo\u017ce by\u0107 inna osoba \u2013 wierz\u0105ca i praktykuj\u0105ca, kt\u00f3ra uko\u0144czy\u0142a 16 lat i przyj\u0119\u0142a sakrament bierzmowania.<\/p>\n<p style=\"text-align: justify;\">4. Przyj\u0119cie sakramentu mo\u017cliwe jest \u201enajwcze\u015bniej na zako\u0144czenie klasy VIII, jako wa\u017cne dope\u0142nienie edukacji na etapie szko\u0142y podstawowej.<\/p>\n<p style=\"text-align: justify;\">5. Do bierzmowania powinna przyst\u0119powa\u0107 m\u0142odzie\u017c, kt\u00f3ra odznacza si\u0119 dojrza\u0142o\u015bci\u0105 intelektualn\u0105, emocjonaln\u0105 i religijn\u0105 adekwatnie do swojego wieku oraz mo\u017cliwo\u015bci.&nbsp;<\/p>\n<p style=\"text-align: justify;\">6.&nbsp;Je\u015bli \u015bwiadek bierzmowania nie jest znany proboszczowi powinien przedstawi\u0107 stosowne za\u015bwiadczenie z parafii swojego zamieszkania, stwierdzaj\u0105ce brak przeszk\u00f3d do pe\u0142nienia tej funkcji. \u015awiadkami nie mog\u0105 by\u0107 naturalni rodzice bierzmowanego<\/p>\n<p style=\"text-align: justify;\">Nowe wskazania dotycz\u0105ce przygotowania do sakramentu bierzmowania zosta\u0142y zatwierdzone przez biskup\u00f3w podczas 375. Zebrania Plenarnego KEP, kt\u00f3re mia\u0142o miejsce w Warszawie 13 i 14 marca 2017 r.<\/p>\n<p style=\"text-align: justify;\"><strong>Normy dodatkowe obowi\u0105zuj\u0105ce w Archidiecezji Przemyskiej:<\/strong><\/p>\n<ol>\n<li style=\"text-align: justify;\">Przed bierzmowaniem powinny odby\u0107 si\u0119 rekolekcje zamkni\u0119te dla wszystkich kandydat\u00f3w do bierzmowania.<\/li>\n<li style=\"text-align: justify;\">O dopuszczeniu do sakramentu bierzmowania decyduje proboszcz miejsca wraz z katechet\u0105 lub inn\u0105 osob\u0105, kt\u00f3ra odpowiada za przygotowanie kandydat\u00f3w.&nbsp;<\/li>\n<\/ol>\n","protected":false},"excerpt":{"rendered":"<p>Wskazania Konferencji Episkopatu Polski dotycz\u0105ce sakramentu bierzmowania: 1. Ka\u017cdy ochrzczony mo\u017ce i powinien przyj\u0105\u0107 ten sakrament, gdy\u017c bez niego wtajemniczenie chrze\u015bcija\u0144skie pozostaje niedope\u0142nione. 2.&nbsp;Uprzywilejowanym miejscem przygotowania bli\u017cszego i bezpo\u015bredniego do sakramentu bierzmowania jest parafia zamieszkania, a nie parafia, na terenie kt\u00f3rej znajduje si\u0119 szko\u0142a. 3. \u015awiadkami bierzmowania powinni by\u0107 \u2013 rodzice chrzestni, o ile s\u0105 &hellip; <a href=\"https:\/\/lukowe.przemyska.pl\/index.php\/parafia\/duszpasterstwo\/bierzmowanie\/\" class=\"more-link\">Czytaj dalej<span class=\"screen-reader-text\"> \u201eBierzmowanie\u201d<\/span><\/a><\/p>\n","protected":false},"author":1,"featured_media":0,"parent":183,"menu_order":1,"comment_status":"closed","ping_status":"closed","template":"","meta":{"ngg_post_thumbnail":0,"footnotes":""},"class_list":["post-190","page","type-page","status-publish","hentry"],"_links":{"self":[{"href":"https:\/\/lukowe.przemyska.pl\/index.php\/wp-json\/wp\/v2\/pages\/190","targetHints":{"allow":["GET"]}}],"collection":[{"href":"https:\/\/lukowe.przemyska.pl\/index.php\/wp-json\/wp\/v2\/pages"}],"about":[{"href":"https:\/\/lukowe.przemyska.pl\/index.php\/wp-json\/wp\/v2\/types\/page"}],"author":[{"embeddable":true,"href":"https:\/\/lukowe.przemyska.pl\/index.php\/wp-json\/wp\/v2\/users\/1"}],"replies":[{"embeddable":true,"href":"https:\/\/lukowe.przemyska.pl\/index.php\/wp-json\/wp\/v2\/comments?post=190"}],"version-history":[{"count":1,"href":"https:\/\/lukowe.przemyska.pl\/index.php\/wp-json\/wp\/v2\/pages\/190\/revisions"}],"predecessor-version":[{"id":192,"href":"https:\/\/lukowe.przemyska.pl\/index.php\/wp-json\/wp\/v2\/pages\/190\/revisions\/192"}],"up":[{"embeddable":true,"href":"https:\/\/lukowe.przemyska.pl\/index.php\/wp-json\/wp\/v2\/pages\/183"}],"wp:attachment":[{"href":"https:\/\/lukowe.przemyska.pl\/index.php\/wp-json\/wp\/v2\/media?parent=190"}],"curies":[{"name":"wp","href":"https:\/\/api.w.org\/{rel}","templated":true}]}}

<p style="text-align: justify;"><strong><img loading="lazy" decoding="async" class="size-full wp-image-191 alignleft" src="https://lukowe.przemyska.pl/wp-content/uploads/2021/02/obraz_2021-02-10_211724.png" alt="" width="300" height="168">Wskazania Konferencji Episkopatu Polski dotyczące sakramentu bierzmowania:</strong></p>
<p style="text-align: justify;">1. Każdy ochrzczony może i powinien przyjąć ten sakrament, gdyż bez niego wtajemniczenie chrześcijańskie pozostaje niedopełnione.</p>
<p style="text-align: justify;">2.&nbsp;Uprzywilejowanym miejscem przygotowania bliższego i bezpośredniego do sakramentu bierzmowania jest parafia zamieszkania, a nie parafia, na terenie której znajduje się szkoła.</p>
<p style="text-align: justify;">3. Świadkami bierzmowania powinni być – rodzice chrzestni, o ile są nadal wierzącymi i praktykującymi katolikami. Tam, gdzie nie jest to możliwe, świadkiem może być inna osoba – wierząca i praktykująca, która ukończyła 16 lat i przyjęła sakrament bierzmowania.</p>
<p style="text-align: justify;">4. Przyjęcie sakramentu możliwe jest „najwcześniej na zakończenie klasy VIII, jako ważne dopełnienie edukacji na etapie szkoły podstawowej.</p>
<p style="text-align: justify;">5. Do bierzmowania powinna przystępować młodzież, która odznacza się dojrzałością intelektualną, emocjonalną i religijną adekwatnie do swojego wieku oraz możliwości.&nbsp;</p>
<p style="text-align: justify;">6.&nbsp;Jeśli świadek bierzmowania nie jest znany proboszczowi powinien przedstawić stosowne zaświadczenie z parafii swojego zamieszkania, stwierdzające brak przeszkód do pełnienia tej funkcji. Świadkami nie mogą być naturalni rodzice bierzmowanego</p>
<p style="text-align: justify;">Nowe wskazania dotyczące przygotowania do sakramentu bierzmowania zostały zatwierdzone przez biskupów podczas 375. Zebrania Plenarnego KEP, które miało miejsce w Warszawie 13 i 14 marca 2017 r.</p>
<p style="text-align: justify;"><strong>Normy dodatkowe obowiązujące w Archidiecezji Przemyskiej:</strong></p>
<ol>
<li style="text-align: justify;">Przed bierzmowaniem powinny odbyć się rekolekcje zamknięte dla wszystkich kandydatów do bierzmowania.</li>
<li style="text-align: justify;">O dopuszczeniu do sakramentu bierzmowania decyduje proboszcz miejsca wraz z katechetą lub inną osobą, która odpowiada za przygotowanie kandydatów.&nbsp;</li>
</ol>

<p>Wskazania Konferencji Episkopatu Polski dotyczące sakramentu bierzmowania: 1. Każdy ochrzczony może i powinien przyjąć ten sakrament, gdyż bez niego wtajemniczenie chrześcijańskie pozostaje niedopełnione. 2.&nbsp;Uprzywilejowanym miejscem przygotowania bliższego i bezpośredniego do sakramentu bierzmowania jest parafia zamieszkania, a nie parafia, na terenie której znajduje się szkoła. 3. Świadkami bierzmowania powinni być – rodzice chrzestni, o ile są &hellip; <a href="https://lukowe.przemyska.pl/index.php/parafia/duszpasterstwo/bierzmowanie/" class="more-link">Czytaj dalej<span class="screen-reader-text"> „Bierzmowanie”</span></a></p>
