{"id":186,"date":"2021-02-10T21:15:55","date_gmt":"2021-02-10T20:15:55","guid":{"rendered":"https:\/\/lukowe.przemyska.pl\/?page_id=186"},"modified":"2021-02-10T21:17:00","modified_gmt":"2021-02-10T20:17:00","slug":"chrzest","status":"publish","type":"page","link":"https:\/\/lukowe.przemyska.pl\/index.php\/parafia\/duszpasterstwo\/chrzest\/","title":{"rendered":"Chrzest"},"content":{"rendered":"<p style=\"text-align: justify;\"><em><strong><img loading=\"lazy\" decoding=\"async\" class=\"size-full wp-image-187 alignleft\" src=\"https:\/\/lukowe.przemyska.pl\/wp-content\/uploads\/2021\/02\/obraz_2021-02-10_211519.png\" alt=\"\" width=\"300\" height=\"200\">Chrzci\u0107<\/strong><\/em>&nbsp;(gr. baptizein) oznacza: zanurzy\u0107. Sakrament Chrztu \u015awi\u0119tego ustanowi\u0142 Jezus Chrystus, a jego sprawowanie powierzy\u0142&nbsp; swojemu Ko\u015bcio\u0142owi, gdy nakaza\u0142 Aposto\u0142om: \u201eId\u017acie i nauczajcie wszystkie narody, udzielaj\u0105c im chrztu w imi\u0119 Ojca i Syna i Ducha \u015awi\u0119tego.\u201d (Mt 28,19).<\/p>\n<p>&nbsp;<\/p>\n<p style=\"text-align: justify;\"><strong>Wa\u017cne informacje<\/strong><\/p>\n<ol>\n<li style=\"text-align: justify;\">Wed\u0142ug wytycznych Synodu Archidiecezji Przemyskiej chrzest winien si\u0119 odbywa\u0107 podczas niedzielnej Eucharystii, a w razie uzasadnianej konieczno\u015bci mo\u017ce mie\u0107 miejsce w innym czasie (Stat. 308 p.1).&nbsp;<\/li>\n<li style=\"text-align: justify;\">Rodzicem chrzestnym mo\u017ce zosta\u0107 osoba, kt\u00f3ra uko\u0144czy\u0142a 16 rok \u017cycia i przyj\u0119\u0142a sakramenty wtajemniczenia chrze\u015bcija\u0144skiego (chrzest, bierzmowanie i Eucharystia). Osoba ta winna odznacza\u0107 si\u0119 \u017cyciem zgodnym z wiar\u0105.&nbsp;(Stat. 309 p.1)<\/li>\n<li style=\"text-align: justify;\">Kandydat na rodzica chrzestnego pochodz\u0105cy z innej parafii winien przedstawi\u0107 za\u015bwiadczenie, \u017ce jest wierz\u0105cym i praktykuj\u0105cym katolikiem.&nbsp;(Stat. 309 p.2)<\/li>\n<li style=\"text-align: justify;\">Zaleca si\u0119, aby przynajmniej jedno z imion nadawanych dziecku figurowa\u0142o w wykazie \u015bwi\u0119tych lub b\u0142ogos\u0142awionych.&nbsp;(Stat. 315)<\/li>\n<li style=\"text-align: justify;\"><strong>W przypadku zagro\u017cenia \u017cycia chrztu mo\u017ce udzieli\u0107 ka\u017cdy cz\u0142owiek maj\u0105cy w\u0142a\u015bciw\u0105 intencj\u0119.<\/strong><\/li>\n<\/ol>\n","protected":false},"excerpt":{"rendered":"<p>Chrzci\u0107&nbsp;(gr. baptizein) oznacza: zanurzy\u0107. Sakrament Chrztu \u015awi\u0119tego ustanowi\u0142 Jezus Chrystus, a jego sprawowanie powierzy\u0142&nbsp; swojemu Ko\u015bcio\u0142owi, gdy nakaza\u0142 Aposto\u0142om: \u201eId\u017acie i nauczajcie wszystkie narody, udzielaj\u0105c im chrztu w imi\u0119 Ojca i Syna i Ducha \u015awi\u0119tego.\u201d (Mt 28,19). &nbsp; Wa\u017cne informacje Wed\u0142ug wytycznych Synodu Archidiecezji Przemyskiej chrzest winien si\u0119 odbywa\u0107 podczas niedzielnej Eucharystii, a w razie &hellip; <a href=\"https:\/\/lukowe.przemyska.pl\/index.php\/parafia\/duszpasterstwo\/chrzest\/\" class=\"more-link\">Czytaj dalej<span class=\"screen-reader-text\"> \u201eChrzest\u201d<\/span><\/a><\/p>\n","protected":false},"author":1,"featured_media":0,"parent":183,"menu_order":0,"comment_status":"closed","ping_status":"closed","template":"","meta":{"ngg_post_thumbnail":0,"footnotes":""},"class_list":["post-186","page","type-page","status-publish","hentry"],"_links":{"self":[{"href":"https:\/\/lukowe.przemyska.pl\/index.php\/wp-json\/wp\/v2\/pages\/186","targetHints":{"allow":["GET"]}}],"collection":[{"href":"https:\/\/lukowe.przemyska.pl\/index.php\/wp-json\/wp\/v2\/pages"}],"about":[{"href":"https:\/\/lukowe.przemyska.pl\/index.php\/wp-json\/wp\/v2\/types\/page"}],"author":[{"embeddable":true,"href":"https:\/\/lukowe.przemyska.pl\/index.php\/wp-json\/wp\/v2\/users\/1"}],"replies":[{"embeddable":true,"href":"https:\/\/lukowe.przemyska.pl\/index.php\/wp-json\/wp\/v2\/comments?post=186"}],"version-history":[{"count":2,"href":"https:\/\/lukowe.przemyska.pl\/index.php\/wp-json\/wp\/v2\/pages\/186\/revisions"}],"predecessor-version":[{"id":189,"href":"https:\/\/lukowe.przemyska.pl\/index.php\/wp-json\/wp\/v2\/pages\/186\/revisions\/189"}],"up":[{"embeddable":true,"href":"https:\/\/lukowe.przemyska.pl\/index.php\/wp-json\/wp\/v2\/pages\/183"}],"wp:attachment":[{"href":"https:\/\/lukowe.przemyska.pl\/index.php\/wp-json\/wp\/v2\/media?parent=186"}],"curies":[{"name":"wp","href":"https:\/\/api.w.org\/{rel}","templated":true}]}}

<p style="text-align: justify;"><em><strong><img loading="lazy" decoding="async" class="size-full wp-image-187 alignleft" src="https://lukowe.przemyska.pl/wp-content/uploads/2021/02/obraz_2021-02-10_211519.png" alt="" width="300" height="200">Chrzcić</strong></em>&nbsp;(gr. baptizein) oznacza: zanurzyć. Sakrament Chrztu Świętego ustanowił Jezus Chrystus, a jego sprawowanie powierzył&nbsp; swojemu Kościołowi, gdy nakazał Apostołom: „Idźcie i nauczajcie wszystkie narody, udzielając im chrztu w imię Ojca i Syna i Ducha Świętego.” (Mt 28,19).</p>
<p>&nbsp;</p>
<p style="text-align: justify;"><strong>Ważne informacje</strong></p>
<ol>
<li style="text-align: justify;">Według wytycznych Synodu Archidiecezji Przemyskiej chrzest winien się odbywać podczas niedzielnej Eucharystii, a w razie uzasadnianej konieczności może mieć miejsce w innym czasie (Stat. 308 p.1).&nbsp;</li>
<li style="text-align: justify;">Rodzicem chrzestnym może zostać osoba, która ukończyła 16 rok życia i przyjęła sakramenty wtajemniczenia chrześcijańskiego (chrzest, bierzmowanie i Eucharystia). Osoba ta winna odznaczać się życiem zgodnym z wiarą.&nbsp;(Stat. 309 p.1)</li>
<li style="text-align: justify;">Kandydat na rodzica chrzestnego pochodzący z innej parafii winien przedstawić zaświadczenie, że jest wierzącym i praktykującym katolikiem.&nbsp;(Stat. 309 p.2)</li>
<li style="text-align: justify;">Zaleca się, aby przynajmniej jedno z imion nadawanych dziecku figurowało w wykazie świętych lub błogosławionych.&nbsp;(Stat. 315)</li>
<li style="text-align: justify;"><strong>W przypadku zagrożenia życia chrztu może udzielić każdy człowiek mający właściwą intencję.</strong></li>
</ol>

<p>Chrzcić&nbsp;(gr. baptizein) oznacza: zanurzyć. Sakrament Chrztu Świętego ustanowił Jezus Chrystus, a jego sprawowanie powierzył&nbsp; swojemu Kościołowi, gdy nakazał Apostołom: „Idźcie i nauczajcie wszystkie narody, udzielając im chrztu w imię Ojca i Syna i Ducha Świętego.” (Mt 28,19). &nbsp; Ważne informacje Według wytycznych Synodu Archidiecezji Przemyskiej chrzest winien się odbywać podczas niedzielnej Eucharystii, a w razie &hellip; <a href="https://lukowe.przemyska.pl/index.php/parafia/duszpasterstwo/chrzest/" class="more-link">Czytaj dalej<span class="screen-reader-text"> „Chrzest”</span></a></p>
