{"id":1192,"date":"2021-02-22T17:52:30","date_gmt":"2021-02-22T16:52:30","guid":{"rendered":"https:\/\/lukowe.przemyska.pl\/?page_id=1192"},"modified":"2025-08-22T15:51:22","modified_gmt":"2025-08-22T13:51:22","slug":"gora-milosierdzia","status":"publish","type":"page","link":"https:\/\/lukowe.przemyska.pl\/index.php\/parafia\/historia\/gora-milosierdzia\/","title":{"rendered":"G\u00f3ra Mi\u0142osierdzia"},"content":{"rendered":"<p style=\"text-align: justify;\"><span style=\"font-size: 14pt; font-family: book antiqua, palatino, serif;\">G\u00f3ra Mi\u0142osierdzia zosta\u0142a za\u0142o\u017cona we wsi \u0141ukowe w diecezji Przemyskiej w Parafii Matki Bo\u017cej Kr\u00f3lowej Polski w Roku Kap\u0142a\u0144skim w 2008\/2009. Pomys\u0142odawczyni\u0105 i projektantk\u0105 tej inicjatywy jest parafianka s. Barbara Izdebska z Zakonu \u015awi\u0119tego Augustyna.<\/span><\/p>\n<p style=\"text-align: justify;\"><span style=\"font-size: 14pt; font-family: book antiqua, palatino, serif;\"><img loading=\"lazy\" decoding=\"async\" class=\"size-medium wp-image-1193 alignleft\" src=\"https:\/\/lukowe.przemyska.pl\/wp-content\/uploads\/2021\/02\/nggallery_import\/GORA-MILOSIERDZIA-9-300x225.jpg\" alt=\"\" width=\"300\" height=\"225\" srcset=\"https:\/\/lukowe.przemyska.pl\/wp-content\/uploads\/2021\/02\/nggallery_import\/GORA-MILOSIERDZIA-9-300x225.jpg 300w, https:\/\/lukowe.przemyska.pl\/wp-content\/uploads\/2021\/02\/nggallery_import\/GORA-MILOSIERDZIA-9-1024x768.jpg 1024w, https:\/\/lukowe.przemyska.pl\/wp-content\/uploads\/2021\/02\/nggallery_import\/GORA-MILOSIERDZIA-9-768x576.jpg 768w, https:\/\/lukowe.przemyska.pl\/wp-content\/uploads\/2021\/02\/nggallery_import\/GORA-MILOSIERDZIA-9-1200x900.jpg 1200w, https:\/\/lukowe.przemyska.pl\/wp-content\/uploads\/2021\/02\/nggallery_import\/GORA-MILOSIERDZIA-9.jpg 1363w\" sizes=\"auto, (max-width: 300px) 85vw, 300px\" \/>Na pocz\u0105tku na dzia\u0142ce, kt\u00f3r\u0105 otrzyma\u0142a od brata Stanis\u0142awa Izdebskiego postawi\u0142a krzy\u017c, jako VOTUM dzi\u0119kczynne z\u0142o\u017cone Bogu za dar powo\u0142a\u0144 kap\u0142a\u0144skich i zakonnych. Krzy\u017c zosta\u0142 po\u015bwi\u0119cony 22 lipca 2009 r. przez ks. Proboszcza Zbigniewa \u0141uc. By\u0142 to pocz\u0105tek narodzin G\u00f3ry Mi\u0142osierdzia.<\/span><\/p>\n<p style=\"text-align: justify;\"><span style=\"font-size: 14pt; font-family: book antiqua, palatino, serif;\">Po raz pierwszy 13 sierpnia 2010 r. ks. Proboszcz Zbigniew \u0141uc wyruszy\u0142 wraz z wiernymi na G\u00f3r\u0119 Mi\u0142osierdzia w procesji Matki Bo\u017cej Fatimskiej pod krzy\u017c.<\/span><\/p>\n<p style=\"text-align: justify;\"><span style=\"font-size: 14pt; font-family: book antiqua, palatino, serif;\">W 2012 roku postawiono 5 drewnianych kapliczek r\u00f3\u017ca\u0144cowych na drodze gminnej. Zosta\u0142y one po\u015bwi\u0119cone przez diakona \u0141ukasza Mroczka.<img loading=\"lazy\" decoding=\"async\" class=\"size-medium wp-image-1199 alignright\" src=\"https:\/\/lukowe.przemyska.pl\/wp-content\/uploads\/2021\/02\/GORA-MILOSIERDZIA-5-rotated-e1614012950199-300x300.jpg\" alt=\"\" width=\"300\" height=\"300\" srcset=\"https:\/\/lukowe.przemyska.pl\/wp-content\/uploads\/2021\/02\/GORA-MILOSIERDZIA-5-rotated-e1614012950199-300x300.jpg 300w, https:\/\/lukowe.przemyska.pl\/wp-content\/uploads\/2021\/02\/GORA-MILOSIERDZIA-5-rotated-e1614012950199-150x150.jpg 150w, https:\/\/lukowe.przemyska.pl\/wp-content\/uploads\/2021\/02\/GORA-MILOSIERDZIA-5-rotated-e1614012950199.jpg 768w\" sizes=\"auto, (max-width: 300px) 85vw, 300px\" \/><\/span><\/p>\n<p style=\"text-align: justify;\"><span style=\"font-size: 14pt; font-family: book antiqua, palatino, serif;\">W roku wiary 5 sierpnia 2013 r. rozpocz\u0119to budow\u0119 stacji drogi krzy\u017cowej, w t\u0105 budow\u0119 w\u0142\u0105czyli si\u0119 solidarnie parafianie. Na poszczeg\u00f3lnych stacjach drogi krzy\u017cowej umieszczone s\u0105 symbole liturgiczne: 7 winoro\u015bli z hosti\u0105 i 7 kielich\u00f3w z hosti\u0105. Drog\u0119 krzy\u017cow\u0105 po\u015bwi\u0119ci\u0142 ks. proboszcz Zbigniew \u0141uc.<\/span><\/p>\n<p style=\"text-align: justify;\"><span style=\"font-size: 14pt; font-family: book antiqua, palatino, serif;\">W roku Konsekracji zakonnej 2014\/2015 zosta\u0142a wybudowana du\u017ca kapliczka pod wezwaniem Matki Bo\u017cej Mi\u0142osierdzia, jako dar przyjaci\u00f3\u0142 z Lubnia na jubileusz 50-lecia Profesji zakonnej s. Barbary Izdebskiej.<\/span><\/p>\n<p style=\"text-align: justify;\"><span style=\"font-size: 14pt; font-family: book antiqua, palatino, serif;\">G\u00f3ra Mi\u0142osierdzia figuruje na mapie gminnej w \u0141ukowym.<\/span><\/p>\n<p style=\"text-align: justify;\"><span style=\"font-size: 14pt; font-family: book antiqua, palatino, serif;\">Obecnie dzia\u0142ka na kt\u00f3rej stoi krzy\u017c przynale\u017cy do c\u00f3rki Stanis\u0142awa Izdebskiego &#8211; Urszuli Dzie\u0144 i ma charakter kultu Bo\u017cego nie powinna by\u0107 u\u017cywana w innym celu.<\/span><\/p>\n<p style=\"text-align: justify;\"><span style=\"font-size: 14pt; font-family: book antiqua, palatino, serif;\">Ks. Proboszcz Zbigniewem \u0141uc na pro\u015bb\u0119 s. Barbary powierzy\u0142 kapliczki grupie r\u00f3\u017ca\u0144cowej, kt\u00f3ra dba o porz\u0105dek i estetyczny wygl\u0105d, a Drog\u0119 krzy\u017cow\u0105 powierzono opiece stra\u017cy po\u017carnej.<\/span><\/p>\n<p style=\"text-align: justify;\"><span style=\"font-size: 14pt; font-family: book antiqua, palatino, serif;\">Obecnie nad ca\u0142o\u015bci\u0105 G\u00f3ry Mi\u0142osierdzia czuwa ks. Proboszcz Mariusz \u015aliwa i s. Barbara Izdebska &#8211; augustianka<\/span><\/p>\n","protected":false},"excerpt":{"rendered":"<p>G\u00f3ra Mi\u0142osierdzia zosta\u0142a za\u0142o\u017cona we wsi \u0141ukowe w diecezji Przemyskiej w Parafii Matki Bo\u017cej Kr\u00f3lowej Polski w Roku Kap\u0142a\u0144skim w 2008\/2009. Pomys\u0142odawczyni\u0105 i projektantk\u0105 tej inicjatywy jest parafianka s. Barbara Izdebska z Zakonu \u015awi\u0119tego Augustyna. Na pocz\u0105tku na dzia\u0142ce, kt\u00f3r\u0105 otrzyma\u0142a od brata Stanis\u0142awa Izdebskiego postawi\u0142a krzy\u017c, jako VOTUM dzi\u0119kczynne z\u0142o\u017cone Bogu za dar powo\u0142a\u0144 &hellip; <a href=\"https:\/\/lukowe.przemyska.pl\/index.php\/parafia\/historia\/gora-milosierdzia\/\" class=\"more-link\">Czytaj dalej<span class=\"screen-reader-text\"> \u201eG\u00f3ra Mi\u0142osierdzia\u201d<\/span><\/a><\/p>\n","protected":false},"author":1,"featured_media":0,"parent":181,"menu_order":3,"comment_status":"closed","ping_status":"closed","template":"","meta":{"ngg_post_thumbnail":0,"footnotes":""},"class_list":["post-1192","page","type-page","status-publish","hentry"],"_links":{"self":[{"href":"https:\/\/lukowe.przemyska.pl\/index.php\/wp-json\/wp\/v2\/pages\/1192","targetHints":{"allow":["GET"]}}],"collection":[{"href":"https:\/\/lukowe.przemyska.pl\/index.php\/wp-json\/wp\/v2\/pages"}],"about":[{"href":"https:\/\/lukowe.przemyska.pl\/index.php\/wp-json\/wp\/v2\/types\/page"}],"author":[{"embeddable":true,"href":"https:\/\/lukowe.przemyska.pl\/index.php\/wp-json\/wp\/v2\/users\/1"}],"replies":[{"embeddable":true,"href":"https:\/\/lukowe.przemyska.pl\/index.php\/wp-json\/wp\/v2\/comments?post=1192"}],"version-history":[{"count":5,"href":"https:\/\/lukowe.przemyska.pl\/index.php\/wp-json\/wp\/v2\/pages\/1192\/revisions"}],"predecessor-version":[{"id":2592,"href":"https:\/\/lukowe.przemyska.pl\/index.php\/wp-json\/wp\/v2\/pages\/1192\/revisions\/2592"}],"up":[{"embeddable":true,"href":"https:\/\/lukowe.przemyska.pl\/index.php\/wp-json\/wp\/v2\/pages\/181"}],"wp:attachment":[{"href":"https:\/\/lukowe.przemyska.pl\/index.php\/wp-json\/wp\/v2\/media?parent=1192"}],"curies":[{"name":"wp","href":"https:\/\/api.w.org\/{rel}","templated":true}]}}

Góra Miłosierdzia

<p style="text-align: justify;"><span style="font-size: 14pt; font-family: book antiqua, palatino, serif;">Góra Miłosierdzia została założona we wsi Łukowe w diecezji Przemyskiej w Parafii Matki Bożej Królowej Polski w Roku Kapłańskim w 2008/2009. Pomysłodawczynią i projektantką tej inicjatywy jest parafianka s. Barbara Izdebska z Zakonu Świętego Augustyna.</span></p>
<p style="text-align: justify;"><span style="font-size: 14pt; font-family: book antiqua, palatino, serif;"><img loading="lazy" decoding="async" class="size-medium wp-image-1193 alignleft" src="https://lukowe.przemyska.pl/wp-content/uploads/2021/02/nggallery_import/GORA-MILOSIERDZIA-9-300x225.jpg" alt="" width="300" height="225" srcset="https://lukowe.przemyska.pl/wp-content/uploads/2021/02/nggallery_import/GORA-MILOSIERDZIA-9-300x225.jpg 300w, https://lukowe.przemyska.pl/wp-content/uploads/2021/02/nggallery_import/GORA-MILOSIERDZIA-9-1024x768.jpg 1024w, https://lukowe.przemyska.pl/wp-content/uploads/2021/02/nggallery_import/GORA-MILOSIERDZIA-9-768x576.jpg 768w, https://lukowe.przemyska.pl/wp-content/uploads/2021/02/nggallery_import/GORA-MILOSIERDZIA-9-1200x900.jpg 1200w, https://lukowe.przemyska.pl/wp-content/uploads/2021/02/nggallery_import/GORA-MILOSIERDZIA-9.jpg 1363w" sizes="auto, (max-width: 300px) 85vw, 300px" />Na początku na działce, którą otrzymała od brata Stanisława Izdebskiego postawiła krzyż, jako VOTUM dziękczynne złożone Bogu za dar powołań kapłańskich i zakonnych. Krzyż został poświęcony 22 lipca 2009 r. przez ks. Proboszcza Zbigniewa Łuc. Był to początek narodzin Góry Miłosierdzia.</span></p>
<p style="text-align: justify;"><span style="font-size: 14pt; font-family: book antiqua, palatino, serif;">Po raz pierwszy 13 sierpnia 2010 r. ks. Proboszcz Zbigniew Łuc wyruszył wraz z wiernymi na Górę Miłosierdzia w procesji Matki Bożej Fatimskiej pod krzyż.</span></p>
<p style="text-align: justify;"><span style="font-size: 14pt; font-family: book antiqua, palatino, serif;">W 2012 roku postawiono 5 drewnianych kapliczek różańcowych na drodze gminnej. Zostały one poświęcone przez diakona Łukasza Mroczka.<img loading="lazy" decoding="async" class="size-medium wp-image-1199 alignright" src="https://lukowe.przemyska.pl/wp-content/uploads/2021/02/GORA-MILOSIERDZIA-5-rotated-e1614012950199-300x300.jpg" alt="" width="300" height="300" srcset="https://lukowe.przemyska.pl/wp-content/uploads/2021/02/GORA-MILOSIERDZIA-5-rotated-e1614012950199-300x300.jpg 300w, https://lukowe.przemyska.pl/wp-content/uploads/2021/02/GORA-MILOSIERDZIA-5-rotated-e1614012950199-150x150.jpg 150w, https://lukowe.przemyska.pl/wp-content/uploads/2021/02/GORA-MILOSIERDZIA-5-rotated-e1614012950199.jpg 768w" sizes="auto, (max-width: 300px) 85vw, 300px" /></span></p>
<p style="text-align: justify;"><span style="font-size: 14pt; font-family: book antiqua, palatino, serif;">W roku wiary 5 sierpnia 2013 r. rozpoczęto budowę stacji drogi krzyżowej, w tą budowę włączyli się solidarnie parafianie. Na poszczególnych stacjach drogi krzyżowej umieszczone są symbole liturgiczne: 7 winorośli z hostią i 7 kielichów z hostią. Drogę krzyżową poświęcił ks. proboszcz Zbigniew Łuc.</span></p>
<p style="text-align: justify;"><span style="font-size: 14pt; font-family: book antiqua, palatino, serif;">W roku Konsekracji zakonnej 2014/2015 została wybudowana duża kapliczka pod wezwaniem Matki Bożej Miłosierdzia, jako dar przyjaciół z Lubnia na jubileusz 50-lecia Profesji zakonnej s. Barbary Izdebskiej.</span></p>
<p style="text-align: justify;"><span style="font-size: 14pt; font-family: book antiqua, palatino, serif;">Góra Miłosierdzia figuruje na mapie gminnej w Łukowym.</span></p>
<p style="text-align: justify;"><span style="font-size: 14pt; font-family: book antiqua, palatino, serif;">Obecnie działka na której stoi krzyż przynależy do córki Stanisława Izdebskiego &#8211; Urszuli Dzień i ma charakter kultu Bożego nie powinna być używana w innym celu.</span></p>
<p style="text-align: justify;"><span style="font-size: 14pt; font-family: book antiqua, palatino, serif;">Ks. Proboszcz Zbigniewem Łuc na prośbę s. Barbary powierzył kapliczki grupie różańcowej, która dba o porządek i estetyczny wygląd, a Drogę krzyżową powierzono opiece straży pożarnej.</span></p>
<p style="text-align: justify;"><span style="font-size: 14pt; font-family: book antiqua, palatino, serif;">Obecnie nad całością Góry Miłosierdzia czuwa ks. Proboszcz Mariusz Śliwa i s. Barbara Izdebska &#8211; augustianka</span></p>

<p>Góra Miłosierdzia została założona we wsi Łukowe w diecezji Przemyskiej w Parafii Matki Bożej Królowej Polski w Roku Kapłańskim w 2008/2009. Pomysłodawczynią i projektantką tej inicjatywy jest parafianka s. Barbara Izdebska z Zakonu Świętego Augustyna. Na początku na działce, którą otrzymała od brata Stanisława Izdebskiego postawiła krzyż, jako VOTUM dziękczynne złożone Bogu za dar powołań &hellip; <a href="https://lukowe.przemyska.pl/index.php/parafia/historia/gora-milosierdzia/" class="more-link">Czytaj dalej<span class="screen-reader-text"> „Góra Miłosierdzia”</span></a></p>
