{"id":1188,"date":"2021-02-22T17:48:04","date_gmt":"2021-02-22T16:48:04","guid":{"rendered":"https:\/\/lukowe.przemyska.pl\/?page_id=1188"},"modified":"2026-02-05T00:06:39","modified_gmt":"2026-02-04T23:06:39","slug":"akcja-katolicka","status":"publish","type":"page","link":"https:\/\/lukowe.przemyska.pl\/index.php\/grupy\/akcja-katolicka\/","title":{"rendered":"Akcja Katolicka"},"content":{"rendered":"<p style=\"text-align: justify;\"><img loading=\"lazy\" decoding=\"async\" class=\"size-medium wp-image-1189 alignleft\" src=\"https:\/\/lukowe.przemyska.pl\/wp-content\/uploads\/2021\/02\/obraz_2021-02-22_174732-300x243.png\" alt=\"\" width=\"300\" height=\"243\" srcset=\"https:\/\/lukowe.przemyska.pl\/wp-content\/uploads\/2021\/02\/obraz_2021-02-22_174732-300x243.png 300w, https:\/\/lukowe.przemyska.pl\/wp-content\/uploads\/2021\/02\/obraz_2021-02-22_174732.png 370w\" sizes=\"auto, (max-width: 300px) 85vw, 300px\" \/>Parafialny Oddzia\u0142 Akcji Katolickiej zosta\u0142 powo\u0142any do istnienia w dniu 15 maja 2010 r. Dekretem Ks. Abp J\u00f3zefa Michalika. Nasz oddzia\u0142 w parafii \u0141ukowe p.w. NMP Kr\u00f3lowej Polski liczy 12 os\u00f3b.<\/p>\n<p style=\"text-align: justify;\">Realizujemy program obowi\u0105zkowy i inne :<\/p>\n<ul>\n<li style=\"text-align: justify;\">comiesi\u0119czna katecheza<\/li>\n<li style=\"text-align: justify;\">wyjazdy na pielgrzymki dla grupy formacyjnej jak i dla parafian<\/li>\n<li style=\"text-align: justify;\">organizowanie zbi\u00f3rki \u017cywno\u015bci dla ubo\u017cszych parafian z okazji \u015awi\u0105t<\/li>\n<li style=\"text-align: justify;\">wsp\u00f3lne wyj\u015bcie na G\u00f3r\u0119 Mi\u0142osierdzia ka\u017cdego 13 dnia miesi\u0105ca od maja do pa\u017adziernika<\/li>\n<li style=\"text-align: justify;\">umo\u017cliwienie wyjazdu na letni wypoczynek dzieciom z naszych rodzin<\/li>\n<li style=\"text-align: justify;\">wsp\u00f3lne wyj \u015bcie na Drog\u0119 Krzy\u017cow\u0105<\/li>\n<li style=\"text-align: justify;\">odmawianie Koronki do Mi\u0142osierdzia Bo\u017cego przed ka\u017cd\u0105 Msz\u0105 \u015awi\u0119t\u0105<\/li>\n<li style=\"text-align: justify;\">prowadzenie gazetki okoliczno\u015bciowej w tablicy og\u0142osze\u0144<\/li>\n<li style=\"text-align: justify;\">udzia\u0142 w rekolekcjach i dniach skupienia<\/li>\n<li style=\"text-align: justify;\">wspomaganie Misji<\/li>\n<\/ul>\n","protected":false},"excerpt":{"rendered":"<p>Parafialny Oddzia\u0142 Akcji Katolickiej zosta\u0142 powo\u0142any do istnienia w dniu 15 maja 2010 r. Dekretem Ks. Abp J\u00f3zefa Michalika. Nasz oddzia\u0142 w parafii \u0141ukowe p.w. NMP Kr\u00f3lowej Polski liczy 12 os\u00f3b. Realizujemy program obowi\u0105zkowy i inne : comiesi\u0119czna katecheza wyjazdy na pielgrzymki dla grupy formacyjnej jak i dla parafian organizowanie zbi\u00f3rki \u017cywno\u015bci dla ubo\u017cszych parafian &hellip; <a href=\"https:\/\/lukowe.przemyska.pl\/index.php\/grupy\/akcja-katolicka\/\" class=\"more-link\">Czytaj dalej<span class=\"screen-reader-text\"> \u201eAkcja Katolicka\u201d<\/span><\/a><\/p>\n","protected":false},"author":1,"featured_media":0,"parent":13,"menu_order":5,"comment_status":"closed","ping_status":"closed","template":"","meta":{"ngg_post_thumbnail":0,"footnotes":""},"class_list":["post-1188","page","type-page","status-publish","hentry"],"_links":{"self":[{"href":"https:\/\/lukowe.przemyska.pl\/index.php\/wp-json\/wp\/v2\/pages\/1188","targetHints":{"allow":["GET"]}}],"collection":[{"href":"https:\/\/lukowe.przemyska.pl\/index.php\/wp-json\/wp\/v2\/pages"}],"about":[{"href":"https:\/\/lukowe.przemyska.pl\/index.php\/wp-json\/wp\/v2\/types\/page"}],"author":[{"embeddable":true,"href":"https:\/\/lukowe.przemyska.pl\/index.php\/wp-json\/wp\/v2\/users\/1"}],"replies":[{"embeddable":true,"href":"https:\/\/lukowe.przemyska.pl\/index.php\/wp-json\/wp\/v2\/comments?post=1188"}],"version-history":[{"count":1,"href":"https:\/\/lukowe.przemyska.pl\/index.php\/wp-json\/wp\/v2\/pages\/1188\/revisions"}],"predecessor-version":[{"id":1190,"href":"https:\/\/lukowe.przemyska.pl\/index.php\/wp-json\/wp\/v2\/pages\/1188\/revisions\/1190"}],"up":[{"embeddable":true,"href":"https:\/\/lukowe.przemyska.pl\/index.php\/wp-json\/wp\/v2\/pages\/13"}],"wp:attachment":[{"href":"https:\/\/lukowe.przemyska.pl\/index.php\/wp-json\/wp\/v2\/media?parent=1188"}],"curies":[{"name":"wp","href":"https:\/\/api.w.org\/{rel}","templated":true}]}}

<p style="text-align: justify;"><img loading="lazy" decoding="async" class="size-medium wp-image-1189 alignleft" src="https://lukowe.przemyska.pl/wp-content/uploads/2021/02/obraz_2021-02-22_174732-300x243.png" alt="" width="300" height="243" srcset="https://lukowe.przemyska.pl/wp-content/uploads/2021/02/obraz_2021-02-22_174732-300x243.png 300w, https://lukowe.przemyska.pl/wp-content/uploads/2021/02/obraz_2021-02-22_174732.png 370w" sizes="auto, (max-width: 300px) 85vw, 300px" />Parafialny Oddział Akcji Katolickiej został powołany do istnienia w dniu 15 maja 2010 r. Dekretem Ks. Abp Józefa Michalika. Nasz oddział w parafii Łukowe p.w. NMP Królowej Polski liczy 12 osób.</p>
<p style="text-align: justify;">Realizujemy program obowiązkowy i inne :</p>
<ul>
<li style="text-align: justify;">comiesięczna katecheza</li>
<li style="text-align: justify;">wyjazdy na pielgrzymki dla grupy formacyjnej jak i dla parafian</li>
<li style="text-align: justify;">organizowanie zbiórki żywności dla uboższych parafian z okazji Świąt</li>
<li style="text-align: justify;">wspólne wyjście na Górę Miłosierdzia każdego 13 dnia miesiąca od maja do października</li>
<li style="text-align: justify;">umożliwienie wyjazdu na letni wypoczynek dzieciom z naszych rodzin</li>
<li style="text-align: justify;">wspólne wyj ście na Drogę Krzyżową</li>
<li style="text-align: justify;">odmawianie Koronki do Miłosierdzia Bożego przed każdą Mszą Świętą</li>
<li style="text-align: justify;">prowadzenie gazetki okolicznościowej w tablicy ogłoszeń</li>
<li style="text-align: justify;">udział w rekolekcjach i dniach skupienia</li>
<li style="text-align: justify;">wspomaganie Misji</li>
</ul>

<p>Parafialny Oddział Akcji Katolickiej został powołany do istnienia w dniu 15 maja 2010 r. Dekretem Ks. Abp Józefa Michalika. Nasz oddział w parafii Łukowe p.w. NMP Królowej Polski liczy 12 osób. Realizujemy program obowiązkowy i inne : comiesięczna katecheza wyjazdy na pielgrzymki dla grupy formacyjnej jak i dla parafian organizowanie zbiórki żywności dla uboższych parafian &hellip; <a href="https://lukowe.przemyska.pl/index.php/grupy/akcja-katolicka/" class="more-link">Czytaj dalej<span class="screen-reader-text"> „Akcja Katolicka”</span></a></p>
