{"id":1183,"date":"2021-02-22T17:43:42","date_gmt":"2021-02-22T16:43:42","guid":{"rendered":"https:\/\/lukowe.przemyska.pl\/?page_id=1183"},"modified":"2026-02-05T00:07:19","modified_gmt":"2026-02-04T23:07:19","slug":"roze-rozancowe","status":"publish","type":"page","link":"https:\/\/lukowe.przemyska.pl\/index.php\/grupy\/roze-rozancowe\/","title":{"rendered":"R\u00f3\u017ce R\u00f3\u017ca\u0144cowe"},"content":{"rendered":"<p style=\"text-align: justify;\"><img loading=\"lazy\" decoding=\"async\" class=\"size-medium wp-image-1184 alignleft\" src=\"https:\/\/lukowe.przemyska.pl\/wp-content\/uploads\/2021\/02\/obraz_2021-02-22_174321-300x200.png\" alt=\"\" width=\"300\" height=\"200\" srcset=\"https:\/\/lukowe.przemyska.pl\/wp-content\/uploads\/2021\/02\/obraz_2021-02-22_174321-300x200.png 300w, https:\/\/lukowe.przemyska.pl\/wp-content\/uploads\/2021\/02\/obraz_2021-02-22_174321-1024x683.png 1024w, https:\/\/lukowe.przemyska.pl\/wp-content\/uploads\/2021\/02\/obraz_2021-02-22_174321-768x512.png 768w, https:\/\/lukowe.przemyska.pl\/wp-content\/uploads\/2021\/02\/obraz_2021-02-22_174321-1200x800.png 1200w, https:\/\/lukowe.przemyska.pl\/wp-content\/uploads\/2021\/02\/obraz_2021-02-22_174321.png 1386w\" sizes=\"auto, (max-width: 300px) 85vw, 300px\" \/>Nasza parafia pod wezwaniem \u2014Naj\u015bwi\u0119tszej Maryi Panny Kr\u00f3lowej Polski w \u0141ukowem ma 18 r\u00f3\u017c \u017cywego r\u00f3\u017ca\u0144ca.&nbsp;15 w \u0141ukowem w tym, 12 \u017ce\u0144skich i 3 m\u0119skie natomiast w \u015brednim wielkim mamy 3 r\u00f3\u017ce r\u00f3\u017ca\u0144cowe w tym 2 \u017ce\u0144skie i 1 m\u0119ska.<\/p>\n<p style=\"text-align: justify;\">Zmiany tajemnic \u017cywego r\u00f3\u017ca\u0144ca odbywaj\u0105 si\u0119 w \u0141ukowem w pierwsz\u0105 niedziel\u0119 ka\u017cdego miesi\u0105ca, a w \u015arednim Wielkim w drug\u0105 niedziel\u0119 ka\u017cdego miesi\u0105ca. R\u00f3\u017ce r\u00f3\u017ca\u0144cowe ka\u017cdego dnia modl\u0105 si\u0119, sk\u0142adaj\u0105 ofiar\u0119 na kwiaty do ciemnicy i bo\u017cego grobu, otaczaj\u0105 opiek\u0105 kapliczki r\u00f3\u017ca\u0144cowe i drog\u0119 krzy\u017cow\u0105.<\/p>\n<p style=\"text-align: justify;\">Ka\u017cdego dnia tygodnia w ko\u015bciele odmawiaj\u0105 koronk\u0119 do Bo\u017cego Mi\u0142osierdzia. Zawsze s\u0142u\u017c\u0105 pomoc\u0105.<\/p>\n","protected":false},"excerpt":{"rendered":"<p>Nasza parafia pod wezwaniem \u2014Naj\u015bwi\u0119tszej Maryi Panny Kr\u00f3lowej Polski w \u0141ukowem ma 18 r\u00f3\u017c \u017cywego r\u00f3\u017ca\u0144ca.&nbsp;15 w \u0141ukowem w tym, 12 \u017ce\u0144skich i 3 m\u0119skie natomiast w \u015brednim wielkim mamy 3 r\u00f3\u017ce r\u00f3\u017ca\u0144cowe w tym 2 \u017ce\u0144skie i 1 m\u0119ska. Zmiany tajemnic \u017cywego r\u00f3\u017ca\u0144ca odbywaj\u0105 si\u0119 w \u0141ukowem w pierwsz\u0105 niedziel\u0119 ka\u017cdego miesi\u0105ca, a w &hellip; <a href=\"https:\/\/lukowe.przemyska.pl\/index.php\/grupy\/roze-rozancowe\/\" class=\"more-link\">Czytaj dalej<span class=\"screen-reader-text\"> \u201eR\u00f3\u017ce R\u00f3\u017ca\u0144cowe\u201d<\/span><\/a><\/p>\n","protected":false},"author":1,"featured_media":0,"parent":13,"menu_order":4,"comment_status":"closed","ping_status":"closed","template":"","meta":{"ngg_post_thumbnail":0,"footnotes":""},"class_list":["post-1183","page","type-page","status-publish","hentry"],"_links":{"self":[{"href":"https:\/\/lukowe.przemyska.pl\/index.php\/wp-json\/wp\/v2\/pages\/1183","targetHints":{"allow":["GET"]}}],"collection":[{"href":"https:\/\/lukowe.przemyska.pl\/index.php\/wp-json\/wp\/v2\/pages"}],"about":[{"href":"https:\/\/lukowe.przemyska.pl\/index.php\/wp-json\/wp\/v2\/types\/page"}],"author":[{"embeddable":true,"href":"https:\/\/lukowe.przemyska.pl\/index.php\/wp-json\/wp\/v2\/users\/1"}],"replies":[{"embeddable":true,"href":"https:\/\/lukowe.przemyska.pl\/index.php\/wp-json\/wp\/v2\/comments?post=1183"}],"version-history":[{"count":3,"href":"https:\/\/lukowe.przemyska.pl\/index.php\/wp-json\/wp\/v2\/pages\/1183\/revisions"}],"predecessor-version":[{"id":3190,"href":"https:\/\/lukowe.przemyska.pl\/index.php\/wp-json\/wp\/v2\/pages\/1183\/revisions\/3190"}],"up":[{"embeddable":true,"href":"https:\/\/lukowe.przemyska.pl\/index.php\/wp-json\/wp\/v2\/pages\/13"}],"wp:attachment":[{"href":"https:\/\/lukowe.przemyska.pl\/index.php\/wp-json\/wp\/v2\/media?parent=1183"}],"curies":[{"name":"wp","href":"https:\/\/api.w.org\/{rel}","templated":true}]}}

Róże Różańcowe

<p style="text-align: justify;"><img loading="lazy" decoding="async" class="size-medium wp-image-1184 alignleft" src="https://lukowe.przemyska.pl/wp-content/uploads/2021/02/obraz_2021-02-22_174321-300x200.png" alt="" width="300" height="200" srcset="https://lukowe.przemyska.pl/wp-content/uploads/2021/02/obraz_2021-02-22_174321-300x200.png 300w, https://lukowe.przemyska.pl/wp-content/uploads/2021/02/obraz_2021-02-22_174321-1024x683.png 1024w, https://lukowe.przemyska.pl/wp-content/uploads/2021/02/obraz_2021-02-22_174321-768x512.png 768w, https://lukowe.przemyska.pl/wp-content/uploads/2021/02/obraz_2021-02-22_174321-1200x800.png 1200w, https://lukowe.przemyska.pl/wp-content/uploads/2021/02/obraz_2021-02-22_174321.png 1386w" sizes="auto, (max-width: 300px) 85vw, 300px" />Nasza parafia pod wezwaniem —Najświętszej Maryi Panny Królowej Polski w Łukowem ma 18 róż żywego różańca.&nbsp;15 w Łukowem w tym, 12 żeńskich i 3 męskie natomiast w średnim wielkim mamy 3 róże różańcowe w tym 2 żeńskie i 1 męska.</p>
<p style="text-align: justify;">Zmiany tajemnic żywego różańca odbywają się w Łukowem w pierwszą niedzielę każdego miesiąca, a w Średnim Wielkim w drugą niedzielę każdego miesiąca. Róże różańcowe każdego dnia modlą się, składają ofiarę na kwiaty do ciemnicy i bożego grobu, otaczają opieką kapliczki różańcowe i drogę krzyżową.</p>
<p style="text-align: justify;">Każdego dnia tygodnia w kościele odmawiają koronkę do Bożego Miłosierdzia. Zawsze służą pomocą.</p>

<p>Nasza parafia pod wezwaniem —Najświętszej Maryi Panny Królowej Polski w Łukowem ma 18 róż żywego różańca.&nbsp;15 w Łukowem w tym, 12 żeńskich i 3 męskie natomiast w średnim wielkim mamy 3 róże różańcowe w tym 2 żeńskie i 1 męska. Zmiany tajemnic żywego różańca odbywają się w Łukowem w pierwszą niedzielę każdego miesiąca, a w &hellip; <a href="https://lukowe.przemyska.pl/index.php/grupy/roze-rozancowe/" class="more-link">Czytaj dalej<span class="screen-reader-text"> „Róże Różańcowe”</span></a></p>
